 -691*c + 728*c. Calculate the remainder when 173 is divided by c.
14
Let t = -98 + 337. Calculate the remainder when t is divided by (7/(-1) - -12)*4.
19
Let x(h) = 10*h + 11. Let n be x(-6). Let b = n - -44. Let r = 25 + b. Calculate the remainder when r is divided by 7.
6
Suppose -6*u = 2485 - 2665. What is the remainder when 675 is divided by u?
15
Let g(o) = -o**3 + 6*o**2 + 22*o - 18. Let c be g(8). Calculate the remainder when 107 is divided by -2 + c/(-3 - -4).
23
Let s(a) = a**3 - 77*a**2 - 153*a - 197. What is the remainder when s(79) is divided by 37?
13
Let p(d) = d**2 + d - 19. Let g be p(8). Let f = 62 - g. Calculate the remainder when 71 is divided by f.
8
Let b = -424 - -423. Let r(f) = f + 2. Let i be r(3). What is the remainder when 118 is divided by i*(7/7 + (-7)/b)?
38
Suppose 65*b - 31 - 113 = 41*b. Calculate the remainder when 2007 is divided by b.
3
Suppose -31*q - 13 + 25 = -81. Calculate the remainder when 40 is divided by q.
1
What is the remainder when 71244/14 + (-92)/(-644) is divided by 52?
45
Let t(a) = 35*a + 1407. Calculate the remainder when 2138 is divided by t(-39).
38
Suppose 36 = 3*h + 3*l, -7*h - l + 39 = -3*h. Suppose -h*i + 5*i + 2*a + 164 = 0, -i + 3*a = -41. What is the remainder when 158 is divided by i?
35
Let h(j) = -24*j + 512. What is the remainder when h(8) is divided by 65?
60
Let x = -29 - -30. Suppose 0 = -p - 3*y + 212, -5*y + 6 = x. Suppose 4*z - 5*v = p + 38, 0 = 5*v + 15. Calculate the remainder when z is divided by 10.
8
Suppose -12*t + 28*t - 1168 = 8*t. Calculate the remainder when 463 is divided by t.
25
Let m = 186 - 185. Calculate the remainder when -1673*11/(-121) + m/(-11) is divided by 51.
50
Let w(r) = -19*r - 1689. Calculate the remainder when 240 is divided by w(-95).
8
Let r = -255 + 259. Suppose -d - r*i + 90 = 0, -96 = -0*d - d - i. Calculate the remainder when d is divided by 11.
10
Let j be ((-26)/6)/((-124)/(-1116)). Let u(r) = r**3 + 54. Let z be u(0). Let d = z + j. What is the remainder when 52 is divided by d?
7
Suppose 7*s - 9522 = -11*s. What is the remainder when s is divided by 15?
4
Let b be 6 + -11 + 5 + 645. Suppose -3*t - 3*j = -963, -3*t - b = -5*t - 5*j. Calculate the remainder when t is divided by 17.
14
Let a be ((-24)/8 - 484) + 5. Let g = a + 528. What is the remainder when 150 is divided by g?
12
Suppose 16*o + 56 = 8*o. Suppose -3*h = -0*h - 78. Let s = o + h. What is the remainder when 75 is divided by s?
18
Suppose 2 = -6*j + 2. Suppose j = 10*z - 5*z - 10. Suppose -2*i + 4*p = -20, 5*p = 5*i - z - 28. Calculate the remainder when 4 is divided by i.
0
Let c = 42 - 113. Let k = -72 - c. Let s = k + 10. What is the remainder when 22 is divided by s?
4
Let q(r) = r**3 + 9*r**2 - 30*r - 75. Let j be q(-9). Suppose -184*l = -j*l + 594. Calculate the remainder when 153 is divided by l.
45
Let i(t) = 18*t - 25. Let y = -583 - -594. Calculate the remainder when i(y) is divided by 59.
55
Suppose -44*m + 7143 - 28383 = -103*m. What is the remainder when 2185 is divided by m?
25
Calculate the remainder when 8/(-28) - (-1836)/7 is divided by 1/(((-1)/(-14))/((-4654)/(-182) + -24)).
20
Suppose 90*s - 1923 - 5367 = 0. What is the remainder when s is divided by 70?
11
Let s = -12 - -37. Let q(w) = 2*w**2 - 15*w + 23. Let p be q(11). Suppose -106*d = -p*d - 24. Calculate the remainder when s is divided by d.
1
Let a be ((-24)/(-28))/(20/(-7) - -3). What is the remainder when 5/(-10)*-71*a is divided by 55?
48
Let m = -109 + 182. Calculate the remainder when m is divided by (-6)/33 + 435/(-6)*2/(-11).
8
Let t = -254 + 258. What is the remainder when 21 + 2 + t - 5 is divided by 13?
9
Suppose 5*p + 11588 = 4*s, 0 = -s + 11*p - 13*p + 2884. Calculate the remainder when s is divided by 193.
190
What is the remainder when 6545/33 - -10 - 3/9 is divided by 11?
10
Suppose 113*s + 19 = 93*s + 159. What is the remainder when 10 is divided by s?
3
Let o(p) = -14*p - 55. Let r be o(-11). Calculate the remainder when ((-936)/(-15))/4 + r/(-165) is divided by 7.
1
Let k = 1310 + -1301. Suppose q - 5 = 3. Let v(g) = -g**2 + 19*g - 10. Calculate the remainder when v(q) is divided by k.
6
Let u(b) = 19*b + 18. Let k be u(7). Let j = 304 - k. Suppose 301 = 12*q - 167. Calculate the remainder when j is divided by q.
36
Suppose -53*f = 48*f + 121*f - 467976. What is the remainder when f is divided by 79?
54
What is the remainder when (-3)/11 - (1 + (-39276)/22) is divided by 4?
0
Let k = 11 + -3. Suppose 172 = 10*r + 32. What is the remainder when 4/k*4 + 2*89 is divided by r?
12
Let n(l) = -l**2 - 19*l - 58. Let v be n(-9). What is the remainder when 810/12*(-2 + v/12) is divided by 8?
5
Let s(r) = -r**3 + 23*r**2 + 7*r - 53. Let i be s(23). Let m = 120 - i. Calculate the remainder when 35 is divided by m.
11
Suppose 11*s - 6*s - 265 = 0. Let r(j) = 4*j + 69 - j + j - 92. What is the remainder when s is divided by r(8)?
8
Let r = 62 - 59. What is the remainder when 42 is divided by (r - (-90)/(-8))/((-3)/8)?
20
Let v = 1231 - 1009. Calculate the remainder when v is divided by 60.
42
Let h = 465 + -456. Suppose -h*y + 14*y = 195. Calculate the remainder when 103 is divided by y.
25
Suppose 2763 = 5*h + 4*z, h - 2*z - 279 - 268 = 0. Calculate the remainder when h is divided by 31.
24
Let w be 12/(-15)*75/(-6). Let q(o) = w - 2*o + 0*o + 4*o + 9. What is the remainder when q(17) is divided by 9?
8
Let y(b) = -b**3 - b - 1. Let g(o) = -3*o**3 + 2*o + 1. Let p(l) = g(l) + 2*y(l). Suppose 18 = -7*h + 9*h. What is the remainder when h is divided by p(-1)?
1
Suppose 0 = -2*v - v - 4*v + 119. Calculate the remainder when 6032 is divided by v.
14
Suppose 0 = 12*p + 6*p - 198. Let o be (-1 - 65)*(-6)/4. Let b = 140 - o. What is the remainder when b is divided by p?
8
Suppose -d = 5*h - 25, -5*d - h + 0*h = -53. Let a be (4*-4 - -4)/(-2) - -2. Suppose -f + a + 19 = 0. Calculate the remainder when f is divided by d.
7
Let z(s) = -s**2 + 31*s - 204. Let u be z(27). Calculate the remainder when 116 is divided by -9*(-8)/u*-52.
38
Let p(o) = -37*o + 54. Suppose l = -5*v - 13 + 5, -2*l + v - 16 = 0. Calculate the remainder when p(l) is divided by 31.
9
Suppose 13354 + 32132 = 722*y. Suppose 8*u - 3*u - 2*k - 7 = 0, 3*k - 21 = -3*u. Calculate the remainder when y is divided by u.
0
Let h = 119 - 49. Suppose -9*t = -5*t - 232. Let j = -46 + t. Calculate the remainder when h is divided by j.
10
Let p be 6/(17 + -11)*19*2. Suppose -4*o + 4*m + 8 = -16, 2*m = -3*o - 2. Suppose o*s - p = y, -s = y + y - 19. What is the remainder when s is divided by 10?
9
Let r = -4456 - -4942. Let v = -31 - -92. What is the remainder when r is divided by v?
59
Suppose 5*v = 67 + 63. Suppose 5*l - 285 = -5*i, 0 = -5*l - 2*i + 323 - v. Let o = -46 + l. What is the remainder when 58 is divided by o?
13
Suppose 2*s - 7 = -d, -21 = -5*d - s + 5. Suppose 87 = d*l - 8. Suppose 5*i = 4*i + 4*c - l, 4*i + 3*c - 19 = 0. What is the remainder when i is divided by 1?
0
Suppose -159*t - 63*t + 3*t + 12483 = 0. Calculate the remainder when 1347 is divided by t.
36
Suppose 3*i + i - 2*c - 100 = 0, 0 = -i - c + 19. Let f = 62177 + -62164. Calculate the remainder when i is divided by f.
10
Suppose 0 = 73*x - 71*x - 278. Let m = x - 74. What is the remainder when m is divided by 17?
14
Suppose -3*l = 4*j - 970, -11*l + 1005 = -8*l - 3*j. Calculate the remainder when l is divided by 48.
42
Suppose -229429 - 239362 - 38812 = -269*a. What is the remainder when a is divided by 149?
99
Let b(q) = -q**3 + 27*q**2 + 326*q - 26. Calculate the remainder when 2436 is divided by b(36).
44
Let m(a) = 2*a**2 - 43*a - 366. What is the remainder when 176 is divided by m(29)?
38
Suppose 6*j - 31*j - 1863 = -34*j. Calculate the remainder when j is divided by 43.
35
Suppose -23*m + 1530 = 10*m + 52*m. What is the remainder when 2589 is divided by m?
15
Suppose 88 = 3*v - 4*u, -4*v = -2*u - 0*u - 104. Suppose 7*w = 3*w - 4*b + 192, 2*w = 4*b + 84. What is the remainder when w is divided by v?
22
Suppose 5*g = 4*o + o - 10, 5*o - 24 = -2*g. Suppose 0 = g*l - 19 - 1. Let y(a) = -a + 28. What is the remainder when 33 is divided by y(l)?
15
Let b = -14 - -12. What is the remainder when (b/3)/((-3)/1224) is divided by 69?
65
Let c = -59 + 75. Let g be -4 - 